 5, 2*o + 2 = 4*s. Let l = 7 - s. What is the greatest common factor of 20 and l?
5
Let r(c) = 4*c**2 - 7*c. Let u be r(5). Let w(k) = -2*k**3 + 3*k + 3. Let l be w(-2). Calculate the greatest common divisor of u and l.
13
Let f = 0 - 0. Suppose -3*o + 12 = 0, 2*i + 2*i + 3*o - 1212 = 0. Suppose f = -j - 4*j + i. Calculate the highest common divisor of 12 and j.
12
Let f(u) = -u**2 - 2. Let z be f(-2). Let d be (-30)/4*32/z. Calculate the greatest common factor of 8 and d.
8
Let r(o) = 5*o**2 + o - 1. Let h be r(1). Suppose -h*b = -15 - 15. Calculate the greatest common divisor of 66 and b.
6
Suppose d = -4*j - 16, -5*d = -d + 4*j + 52. Let t = -10 - d. What is the greatest common factor of 2 and t?
2
Let u(j) = 21*j**3 + j**2 - j + 1. Let s be u(1). Suppose -4*c - 16 = 0, 0 = n - 5*c + c - s. What is the greatest common divisor of n and 18?
6
Suppose 7*d - 160 + 34 = 0. What is the highest common divisor of 126 and d?
18
Suppose 3*a = 5*a - 3*t - 6, a - 3*t - 6 = 0. Let j = 18 - 16. Suppose a = j*m - 3*m + 16. Calculate the highest common factor of m and 2.
2
Suppose 4*n = 8*n - 520. What is the highest common factor of n and 13?
13
Let o(k) = k + 4. Let m be o(3). Let h(x) = -11*x - 5. Let u be h(-3). What is the highest common divisor of m and u?
7
Let h be (-2)/(-1 + 21/27). Suppose -2 = -3*p - r, -p + 4*r + h = 4*p. Let f be (-1)/(p - 0) - -11. What is the greatest common divisor of f and 25?
5
Suppose -6*k + 48 = -2*k. Calculate the greatest common divisor of 3 and k.
3
Suppose 0 = a - 2*k - 1, -3*k - 17 = -3*a - 4*k. Let l be (-3)/4*-2*10. Calculate the highest common divisor of l and a.
5
Suppose 2*p = 4*p - 186. Calculate the highest common factor of p and 31.
31
Let c(b) = -149*b - 7. Let j(n) = -224*n - 11. Let m(f) = 8*c(f) - 5*j(f). Let k be m(-2). Calculate the highest common factor of k and 13.
13
Let t be (-8)/6 + 4/3. Let s(k) = k**3 + k**2 + k + 110. Let y be s(t). What is the highest common divisor of y and 44?
22
Let t(j) = j**3 + 8*j**2 - 15*j - 33. Let s be t(-9). Calculate the highest common factor of 3 and s.
3
Let i = -26 + 53. Suppose -2*x = 4*x - 18. Calculate the greatest common divisor of x and i.
3
Let p(h) = -h**3 + 6*h**2 + 10*h - 3. Let m be p(7). Calculate the highest common factor of 126 and m.
18
Suppose 7*p - 3*p - 480 = 0. Suppose 0 = -2*j - 4*i + 120, 2*j - i = 3*i + p. Calculate the greatest common divisor of 12 and j.
12
Suppose 0 = 3*s + 2*s - 10. Suppose 2*h - 26 = -s. Let u(d) = -2*d**3 - 7*d**2 - 2*d - 1. Let v be u(-5). Calculate the greatest common divisor of h and v.
12
Let i(q) = 12*q + 1. Let j be i(1). Let u(v) = 7*v + 24. Let g be u(17). What is the highest common divisor of j and g?
13
Let m(n) = n**2 + 2*n - 1. Let f be m(4). Let j be 18/(2 + 14/(-4)). Let w = f + j. Calculate the greatest common factor of 99 and w.
11
Suppose -2*a - 66 = -206. What is the highest common divisor of a and 10?
10
Let g(j) = -2*j - 3 + 7 + 4*j. Let y be g(7). Suppose -3*z = 3*s - 96, -4*s - 2*z = -7*z - 164. What is the highest common factor of y and s?
18
Let l = 203 + -105. What is the greatest common factor of l and 14?
14
Let n = -11 + 23. Let p be n/(-30)*(-1 - 14). What is the highest common divisor of p and 4?
2
Let c = -23 - -39. Suppose 0 = f + 2*f - 9. Suppose f*i - 5*i - 3*g = -28, -2*i + 20 = g. What is the greatest common divisor of c and i?
8
Suppose -5*o + 0*o = -120. Suppose -3*d + 3*y = -y - 19, -4*d + 4*y + 32 = 0. Let b = o - d. What is the greatest common divisor of 33 and b?
11
Let k(s) = -214*s. Let m be k(-1). Suppose -3*t + 572 = 4*i + m, 2*t + i = 232. Suppose -t = -3*o - 0*o. What is the greatest common factor of 95 and o?
19
Let m = 28 + -8. What is the greatest common factor of m and 200?
20
Let x be (-2)/12 + 13/6. Suppose d + x = 17. What is the highest common factor of 5 and d?
5
Let j(p) = p**2 + p + 8. Let f be j(-9). Suppose -f = -3*i + i. Calculate the highest common factor of i and 10.
10
Suppose 4*g + 43 = 139. What is the highest common divisor of g and 6?
6
Let s = 10 - 6. Let a = 2 - -6. Calculate the highest common factor of a and s.
4
Suppose -5*t - 12 - 73 = 0. Let q = 5 - t. Let c(o) = o**2 + 5*o - 4. Let m be c(-6). Calculate the greatest common factor of m and q.
2
Suppose 5*w - 287 = 333. Suppose 0 = 3*r - 11 - w. Calculate the greatest common divisor of 15 and r.
15
Suppose -3*j + 5*g = -0*j - 473, -3*j + 472 = -4*g. What is the highest common divisor of 12 and j?
12
Let f be 4 + -2 - -50 - -2. Let s(g) = 2*g**3 + 9*g**2 + 4*g + 6. Let b be s(-4). What is the highest common divisor of b and f?
6
Let a be -2 + 2 - 3*-1. Let p be (-1 + a)*4 - 0. What is the highest common divisor of p and 64?
8
Suppose -369 = -4*q + 151. Calculate the highest common factor of 26 and q.
26
Let n = -9 - -188. Let h = n + -59. What is the highest common factor of h and 12?
12
Suppose 5*u + 2*b = 667, 3*b - 668 = -4*u - u. Suppose 88 = 4*c - 4*h, 0 = -c - 5*h - 25 + 29. Calculate the greatest common factor of c and u.
19
Suppose 0 = -3*z + 2*s - 19, -3*z + s = -2 + 16. Let v = 0 + -1. Let r be (v - z)/(2/13). Calculate the greatest common factor of 65 and r.
13
Let r be 4*2/((-20)/(-375)). What is the highest common factor of 60 and r?
30
Let i = 123 + -99. Calculate the highest common divisor of 64 and i.
8
Let x = -17 - -28. Calculate the highest common factor of 44 and x.
11
Let y be 1 - (2 + 2 + -27). Suppose 3*v + 9 - y = 0. Calculate the greatest common factor of v and 5.
5
Let w = 98 + -62. Suppose -5*l = -156 + w. Calculate the highest common divisor of 16 and l.
8
Suppose -4*w = -4*v + 120, -7*v + 2*v = 3*w - 110. Calculate the highest common factor of 15 and v.
5
Suppose 10*a - 14*a = -96. Calculate the greatest common factor of a and 16.
8
Suppose 0*v = 4*v. Let o = v - 2. Let s = -1 - o. Calculate the greatest common factor of s and 3.
1
Let h(v) = -3*v - 2. Suppose 17 = 3*t + 41. Let d(z) = -4*z - 3. Let s(k) = t*h(k) + 5*d(k). Let a be s(3). Calculate the greatest common factor of a and 13.
13
Let r(v) = -v**2 - v. Let k be r(0). Suppose k = -5*f - 5 - 5. Let h be (2/4)/(f/(-68)). Calculate the highest common divisor of h and 119.
17
Let d(x) = 2*x**2 - 11*x + 6. Let g be d(7). Let t = 227 + -119. What is the highest common factor of t and g?
27
Let u be ((-6)/(-3))/(2 + 0/6). Calculate the highest common factor of u and 14.
1
Suppose -2*t + 551 = 3*t + a, 2*t + 5*a = 225. What is the highest common divisor of 10 and t?
10
Let u = 234 + -151. Suppose -3*n + 82 = -u. What is the highest common factor of 5 and n?
5
Let v be (28/(-6))/((-2)/39). Suppose -3*d = -4*d + 13. Calculate the highest common divisor of v and d.
13
Suppose -4*o - 3*r + 99 = 0, -3*o - 3*r + 4*r = -58. Calculate the highest common divisor of 21 and o.
21
Let w = 81 - 57. Let m = 169 - 165. Calculate the greatest common divisor of m and w.
4
Let j = 151 - 4. Let u = 45 + -24. Calculate the highest common divisor of j and u.
21
Let s(g) = -g + 14. Let b be s(12). Suppose 5*z = y + 3*z - b, -z = -3. What is the highest common divisor of 56 and y?
8
Suppose -110 = -4*t + 50. Let b be (1 + 0)*(2 - -3). What is the highest common factor of t and b?
5
Let m be (-2)/12 - (-989)/138. What is the highest common divisor of m and 14?
7
Let l be (2/3)/((-12)/(-162)). Calculate the greatest common divisor of l and 18.
9
Suppose 3*c = -1 - 2, 3*k = -3*c + 24. Calculate the highest common divisor of k and 6.
3
Suppose -4*d = -380 - 260. What is the highest common factor of 10 and d?
10
Suppose 5*u + z = 26, 4*z = -2*u + 5*u - 11. Suppose -2*k + u*k = -9. Let b be k/(-2) + (-63)/(-6). Calculate the highest common divisor of b and 48.
12
Suppose -t + 0*t + 3 = 0. Suppose 2*n - 621 = -t*v, 135 - 335 = -v - 3*n. What is the greatest common factor of v and 19?
19
Suppose 12 = -2*h + 4*h + 5*i, 0 = -3*h - 3*i + 36. Calculate the greatest common divisor of h and 112.
16
Suppose 0*u - 30 = -3*j + 3*u, j + 3*u = -6. Calculate the greatest common factor of 9 and j.
3
Suppose -4*o - 6 = -5*y, 4*o - 3*o + 7 = 4*y. What is the greatest common divisor of 8 and o?
1
Let z(o) = 8*o + 1. Let r be z(1). Let l = r - 1. Let h(v) = -v**2 + 6*v + 2. Let b be h(6). Calculate the highest common factor of l and b.
2
Suppose -p + 54 = p. S